{"id":71,"date":"2024-08-07T17:29:49","date_gmt":"2024-08-07T15:29:49","guid":{"rendered":"https:\/\/inedix.fr\/?page_id=71"},"modified":"2025-12-11T15:37:51","modified_gmt":"2025-12-11T14:37:51","slug":"creez-votre-site-avec-des-blocs","status":"publish","type":"page","link":"https:\/\/inedix.fr\/","title":{"rendered":"Accueil"},"content":{"rendered":"\n<div class=\"wp-block-columns alignwide are-vertically-aligned-center is-style-twentytwentyone-columns-overlap is-layout-flex wp-container-core-columns-is-layout-9d6595d7 wp-block-columns-is-layout-flex\">\n<div class=\"wp-block-column is-vertically-aligned-center is-layout-flow wp-block-column-is-layout-flow\">\n<p class=\"has-text-align-center has-white-color has-text-color has-link-color wp-elements-23fa632b2f5b4fcfaf8de45553611b28\"><br>Dans sa recherche de comp\u00e9titivit\u00e9, il reste encore un levier que l\u2019entreprise peut actionner afin de faire la diff\u00e9rence&nbsp;: la <strong>s\u00fbret\u00e9<\/strong>.<\/p>\n\n\n\n<p class=\"has-text-align-center has-white-color has-text-color has-link-color wp-elements-e20c04954761444a7c3ef07be23be102\"><br>D\u00e9velopper la s\u00fbret\u00e9, c\u2019est lutter contre les malveillances, internes ou externes, c\u2019est aussi s\u00e9curiser sa cha\u00eene d\u2019approvisionnement, son processus de recrutement, son image et sa communication, am\u00e9liorer sa cyberprotection, prot\u00e9ger ses innovations, fiabiliser son organisation, op\u00e9rations qui concourent toutes \u00e0 l\u2019<strong>am\u00e9lioration de la performance<\/strong>.<\/p>\n<\/div>\n<\/div>\n\n\n\n<figure class=\"wp-block-image size-full\"><img loading=\"lazy\" decoding=\"async\" width=\"972\" height=\"367\" src=\"https:\/\/inedix.fr\/wp-content\/uploads\/2025\/11\/SuretePerformance.png\" alt=\"\" class=\"wp-image-323\" srcset=\"https:\/\/inedix.fr\/wp-content\/uploads\/2025\/11\/SuretePerformance.png 972w, https:\/\/inedix.fr\/wp-content\/uploads\/2025\/11\/SuretePerformance-300x113.png 300w, https:\/\/inedix.fr\/wp-content\/uploads\/2025\/11\/SuretePerformance-768x290.png 768w\" sizes=\"auto, (max-width: 972px) 100vw, 972px\" \/><\/figure>\n\n\n\n<div class=\"wp-block-columns alignwide are-vertically-aligned-center is-style-twentytwentyone-columns-overlap is-layout-flex wp-container-core-columns-is-layout-9d6595d7 wp-block-columns-is-layout-flex\">\n<div class=\"wp-block-column is-vertically-aligned-center is-layout-flow wp-block-column-is-layout-flow\">\n<p class=\"has-text-align-center has-white-color has-text-color has-link-color wp-elements-16067c2b0f514576f1d58f80da103a80\">Notre ambition est de r\u00e9duire les risques de malveillance qui vous distraient de votre c\u0153ur de m\u00e9tier, qui est ce que vous savez faire de mieux.<\/p>\n\n\n\n<p class=\"has-text-align-center has-white-color has-text-color has-link-color wp-elements-bf1fd466b3aa794bc5df2bf5b8f0871d\">Pour que vous restiez concentr\u00e9 sur votre c\u0153ur de m\u00e9tier, nos prestations visent d&rsquo;abord \u00e0 <strong>identifier<\/strong> les failles de votre organisation par lesquelles les risques peuvent se concr\u00e9tiser. Puis elles les <strong>r\u00e9duisent<\/strong>. Enfin, elles <strong>\u00e9vitent<\/strong> leur r\u00e9p\u00e9tition.<\/p>\n\n\n\n<p class=\"has-text-align-left has-white-color has-text-color has-link-color wp-elements-7eb57048b33a1227926c2d72acbebdfe\">Nos services se d\u00e9clinent selon trois modalit\u00e9s d\u2019accompagnement&nbsp;:<\/p>\n\n\n\n<p class=\"has-white-color has-text-color has-link-color wp-elements-f8cdede183858d2c46c8ab4f08373d76\">&#8211; <em>a<\/em><em>vant<\/em>, c\u2019est-\u00e0-dire avant que les probl\u00e8mes n\u2019arrivent, lorsque la m\u00e9t\u00e9o est belle,<\/p>\n\n\n\n<p class=\"has-white-color has-text-color has-link-color wp-elements-11e90cc67110e0f2919e9acb71e88306\">&#8211; <em>a<\/em><em>pr\u00e8s<\/em>, lorsque vous affrontez une crise ou que la m\u00e9t\u00e9o est agit\u00e9e&nbsp;;<\/p>\n\n\n\n<p class=\"has-white-color has-text-color has-link-color wp-elements-772dc2b1aa93c8e570b92b95a50272c4\">&#8211; <em>a<\/em><em>vec,<\/em> lorsque vous voulez \u00eatre accompagn\u00e9 dans la dur\u00e9e, ou l\u2019assurance toute m\u00e9t\u00e9o.<\/p>\n\n\n\n<p class=\"has-text-align-center has-white-color has-text-color has-link-color wp-elements-01c4fc4c2101b81c0339a36315650cd2\">Nous prenons ainsi en charge l\u2019analyse des risques, proposons des solutions, vous accompagnons dans leur mise en \u0153uvre afin que vous conserviez <em>la s\u00e9r\u00e9nit\u00e9 dans l\u2019adversit\u00e9<\/em> pour vous concentrer sur votre c\u0153ur de m\u00e9tier.<\/p>\n\n\n\n<p class=\"has-text-align-center has-white-color has-text-color has-link-color wp-elements-369a27289474e0eb9e0785275b3cb3bf\">Inedix, c&rsquo;est Avant. Apr\u00e8s. Avec vous. Toujours.<\/p>\n<\/div>\n<\/div>\n\n\n\n<figure class=\"wp-block-image size-large\"><img loading=\"lazy\" decoding=\"async\" width=\"1024\" height=\"736\" src=\"https:\/\/inedix.fr\/wp-content\/uploads\/2024\/08\/AppelerInedixC-1-1024x736.jpg\" alt=\"\" class=\"wp-image-212\" srcset=\"https:\/\/inedix.fr\/wp-content\/uploads\/2024\/08\/AppelerInedixC-1-1024x736.jpg 1024w, https:\/\/inedix.fr\/wp-content\/uploads\/2024\/08\/AppelerInedixC-1-300x216.jpg 300w, https:\/\/inedix.fr\/wp-content\/uploads\/2024\/08\/AppelerInedixC-1-768x552.jpg 768w, https:\/\/inedix.fr\/wp-content\/uploads\/2024\/08\/AppelerInedixC-1-1536x1104.jpg 1536w, https:\/\/inedix.fr\/wp-content\/uploads\/2024\/08\/AppelerInedixC-1-2048x1472.jpg 2048w, https:\/\/inedix.fr\/wp-content\/uploads\/2024\/08\/AppelerInedixC-1-1568x1127.jpg 1568w\" sizes=\"auto, (max-width: 1024px) 100vw, 1024px\" \/><\/figure>\n\n\n\n<div class=\"wp-block-columns alignfull has-text-color has-background is-layout-flex wp-container-core-columns-is-layout-9d6595d7 wp-block-columns-is-layout-flex\" style=\"color:#000000;background-color:#ffffff\">\n<div class=\"wp-block-column is-layout-flow wp-block-column-is-layout-flow\">\n<p class=\"has-text-align-center\"><em>\u201cLes grands accidents n&rsquo;ont point de r\u00e8gles, il ne s&rsquo;agit pas ici d&rsquo;une d\u00e9pense qui doive \u00eatre continu\u00e9e beaucoup d&rsquo;ann\u00e9es, mais que si l&rsquo;on manque \u00e0 la faire du tout extraordinaire pour rem\u00e9dier au mal pr\u00e9sent et pressant, on se trouvera oblig\u00e9 d&rsquo;en faire \u00e0 l&rsquo;avenir qui n&rsquo;auront point de fin, ne produiront aucun fruit et n&#8217;emp\u00eacheront point notre ruine\u201d<\/em><\/p>\n\n\n\n<p class=\"has-text-align-center\">Cardinal de Richelieu<\/p>\n<\/div>\n<\/div>\n","protected":false},"excerpt":{"rendered":"<p>Dans sa recherche de comp\u00e9titivit\u00e9, il reste encore un levier que l\u2019entreprise peut actionner afin de faire la diff\u00e9rence&nbsp;: la s\u00fbret\u00e9. D\u00e9velopper la s\u00fbret\u00e9, c\u2019est lutter contre les malveillances, internes ou externes, c\u2019est aussi s\u00e9curiser sa cha\u00eene d\u2019approvisionnement, son processus de recrutement, son image et sa communication, am\u00e9liorer sa cyberprotection, prot\u00e9ger ses innovations, fiabiliser son&hellip; <a class=\"more-link\" href=\"https:\/\/inedix.fr\/\">Poursuivre la lecture <span class=\"screen-reader-text\">Accueil<\/span><\/a><\/p>\n","protected":false},"author":1,"featured_media":0,"parent":0,"menu_order":0,"comment_status":"closed","ping_status":"closed","template":"","meta":{"footnotes":""},"class_list":["post-71","page","type-page","status-publish","hentry","entry"],"_links":{"self":[{"href":"https:\/\/inedix.fr\/index.php\/wp-json\/wp\/v2\/pages\/71","targetHints":{"allow":["GET"]}}],"collection":[{"href":"https:\/\/inedix.fr\/index.php\/wp-json\/wp\/v2\/pages"}],"about":[{"href":"https:\/\/inedix.fr\/index.php\/wp-json\/wp\/v2\/types\/page"}],"author":[{"embeddable":true,"href":"https:\/\/inedix.fr\/index.php\/wp-json\/wp\/v2\/users\/1"}],"replies":[{"embeddable":true,"href":"https:\/\/inedix.fr\/index.php\/wp-json\/wp\/v2\/comments?post=71"}],"version-history":[{"count":66,"href":"https:\/\/inedix.fr\/index.php\/wp-json\/wp\/v2\/pages\/71\/revisions"}],"predecessor-version":[{"id":370,"href":"https:\/\/inedix.fr\/index.php\/wp-json\/wp\/v2\/pages\/71\/revisions\/370"}],"wp:attachment":[{"href":"https:\/\/inedix.fr\/index.php\/wp-json\/wp\/v2\/media?parent=71"}],"curies":[{"name":"wp","href":"https:\/\/api.w.org\/{rel}","templated":true}]}}